{"id":16,"date":"2022-07-06T18:40:48","date_gmt":"2022-07-06T18:40:48","guid":{"rendered":"https:\/\/mmwsistem.com\/?page_id=16"},"modified":"2022-07-24T01:07:19","modified_gmt":"2022-07-24T01:07:19","slug":"finalizar-compra","status":"publish","type":"page","link":"https:\/\/mmwsistem.com\/?page_id=16","title":{"rendered":"Finalizar compra"},"content":{"rendered":"<style>.elementor-16 .elementor-element.elementor-element-1370170 h3, .elementor-16 .elementor-element.elementor-element-1370170 .woo-checkout-section-title, .elementor-16 .elementor-element.elementor-element-1370170 #ship-to-different-address span{color:#404040;}.elementor-16 .elementor-element.elementor-element-1370170 h3, .elementor-16 .elementor-element.elementor-element-1370170 .woo-checkout-section-title, .elementor-16 .elementor-element.elementor-element-1370170 .ea-woo-checkout #customer_details h3{margin-bottom:20px!important;}.elementor-16 .elementor-element.elementor-element-1370170 .ea-woo-checkout-order-review{background-color:#1F8934;padding:20px 20px 20px 20px;border-radius:5px 5px 5px 5px;}.elementor-16 .elementor-element.elementor-element-1370170 .ea-woo-checkout-order-review .table-header{color:#ffffff;}.elementor-16 .elementor-element.elementor-element-1370170 .ea-woo-checkout .woocommerce .ea-woo-checkout-order-review .ea-order-review-table li.table-header{margin-bottom:12px;}.elementor-16 .elementor-element.elementor-element-1370170 .ea-woo-checkout-order-review .table-row{background-color:#ffffff;color:#404040;}.elementor-16 .elementor-element.elementor-element-1370170 .ea-woo-checkout-order-review .table-row, .elementor-16 .elementor-element.elementor-element-1370170 .ea-woo-checkout-order-review .product-thumbnail img{border-radius:5px 5px 5px 5px;}.elementor-16 .elementor-element.elementor-element-1370170 .ea-woo-checkout .woocommerce .ea-woo-checkout-order-review .ea-order-review-table li.table-row{margin-bottom:10px;}.elementor-16 .elementor-element.elementor-element-1370170 .ea-woo-checkout.layout-split .layout-split-container .table-area .ea-woo-checkout-order-review .ea-order-review-table .table-row{padding-bottom:10px;}.elementor-16 .elementor-element.elementor-element-1370170 .ea-woo-checkout-order-review .footer-content{background-color:#ffffff;color:#404040;border-radius:5px 5px 5px 5px;}.elementor-16 .elementor-element.elementor-element-1370170 .ea-woo-checkout-order-review .footer-content #shipping_method label{color:#404040;}.elementor-16 .elementor-element.elementor-element-1370170 .ea-woo-checkout-order-review .footer-content a{color:#1F8934;}.elementor-16 .elementor-element.elementor-element-1370170 .ea-woo-checkout-order-review .footer-content a:hover{color:#ffffff;}.elementor-16 .elementor-element.elementor-element-1370170 .ea-woo-checkout .woocommerce .ea-woo-checkout-order-review .ea-order-review-table-footer{margin-top:10px;}.elementor-16 .elementor-element.elementor-element-1370170 .ea-woo-checkout-order-review .back-to-shopping{color:#ffffff;}.elementor-16 .elementor-element.elementor-element-1370170 .ea-woo-checkout-order-review .back-to-shopping:hover{color:#7866ff;}.elementor-16 .elementor-element.elementor-element-1370170 .woo-checkout-login{color:#404040;padding:20px 20px 20px 20px;border-radius:5px 5px 5px 5px;}.elementor-16 .elementor-element.elementor-element-1370170 .woo-checkout-login .woocommerce-form-login-toggle .woocommerce-info{color:#404040;}.elementor-16 .elementor-element.elementor-element-1370170 .woo-checkout-login .woocommerce-form-login-toggle .woocommerce-info .woocommerce-info-text{color:#404040;}.elementor-16 .elementor-element.elementor-element-1370170 .ea-woo-checkout .ea-login-icon{color:#404040;top:24px;left:35px;}.elementor-16 .elementor-element.elementor-element-1370170 .ea-woo-checkout .ea-login-icon svg{fill:#404040;}.elementor-16 .elementor-element.elementor-element-1370170 .ea-woo-checkout .woocommerce .woo-checkout-login a{color:#7866ff;}.elementor-16 .elementor-element.elementor-element-1370170 .ea-woo-checkout .woocommerce .woo-checkout-login a:hover{color:#7866ff!important;}.eael-woo-checkout .elementor-16 .elementor-element.elementor-element-1370170 .woocommerce form.woocommerce-form-login{padding:20px 20px 20px 20px;margin:20px 20px 20px 20px;}.elementor-16 .elementor-element.elementor-element-1370170 .ea-woo-checkout .woo-checkout-login label{color:#404040;}.elementor-16 .elementor-element.elementor-element-1370170 .ea-woo-checkout .woocommerce .woo-checkout-login .button{background-color:#7866ff;background:#7866ff;color:#ffffff;border-radius:5px 5px 5px 5px;}.elementor-16 .elementor-element.elementor-element-1370170 .ea-woo-checkout .woocommerce .woo-checkout-login .button:hover{background-color:#7866ff;color:#ffffff;}.elementor-16 .elementor-element.elementor-element-1370170 .ea-woo-checkout .woo-checkout-coupon{color:#404040;}.elementor-16 .elementor-element.elementor-element-1370170 .ea-woo-checkout .woo-checkout-coupon .woocommerce-form-coupon-toggle .woocommerce-info{color:#404040;}.elementor-16 .elementor-element.elementor-element-1370170 .ea-woo-checkout .woo-checkout-coupon .woocommerce-form-coupon-toggle .woocommerce-info .woocommerce-info-text{color:#404040;}.elementor-16 .elementor-element.elementor-element-1370170 .ea-woo-checkout .ea-coupon-icon{color:#404040;top:24px;left:35px;}.elementor-16 .elementor-element.elementor-element-1370170 .ea-woo-checkout .ea-coupon-icon svg{fill:#404040;height:16px;width:16px;line-height:16px;}.elementor-16 .elementor-element.elementor-element-1370170 .ea-woo-checkout .ea-coupon-icon i{font-size:16px;}.elementor-16 .elementor-element.elementor-element-1370170 .ea-woo-checkout .woocommerce-form-coupon-toggle .woocommerce-info a{color:#7866ff;}.elementor-16 .elementor-element.elementor-element-1370170 .ea-woo-checkout .woocommerce-form-coupon-toggle .woocommerce-info a:hover{color:#7866ff!important;}.elementor-16 .elementor-element.elementor-element-1370170 .woo-checkout-coupon{border-radius:5px 5px 5px 5px;padding:20px 20px 20px 20px;}.eael-woo-checkout .elementor-16 .elementor-element.elementor-element-1370170 .woocommerce form.checkout_coupon{padding:20px 20px 20px 20px;margin:20px 20px 20px 20px;}.elementor-16 .elementor-element.elementor-element-1370170 .ea-woo-checkout .woocommerce .woo-checkout-coupon .button{background:#7866ff;color:#ffffff;border-radius:5px 5px 5px 5px;}.elementor-16 .elementor-element.elementor-element-1370170 .ea-woo-checkout .woocommerce .woo-checkout-coupon .button:hover{background:#7866ff;color:#ffffff;}.elementor-16 .elementor-element.elementor-element-1370170 .ea-woo-checkout .woocommerce-info{background-color:#d1ecf1;}.elementor-16 .elementor-element.elementor-element-1370170 .ea-woo-checkout .woocommerce-info, .elementor-16 .elementor-element.elementor-element-1370170 .woo-checkout-coupon .woocommerce-info, .elementor-16 .elementor-element.elementor-element-1370170 .woo-checkout-login .woocommerce-info{color:#0c5460;}.elementor-16 .elementor-element.elementor-element-1370170 .ea-woo-checkout .woocommerce-error{background-color:#FFF3F5;}.elementor-16 .elementor-element.elementor-element-1370170 .ea-woo-checkout .woocommerce-error, .elementor-16 .elementor-element.elementor-element-1370170 .woo-checkout-coupon .woocommerce-error, .elementor-16 .elementor-element.elementor-element-1370170 .woo-checkout-login .woocommerce-error, .elementor-16 .elementor-element.elementor-element-1370170 .woocommerce-NoticeGroup .woocommerce-error{color:#FF7E93;}.elementor-16 .elementor-element.elementor-element-1370170 .ea-woo-checkout .woocommerce-message{background-color:#d4edda;}.elementor-16 .elementor-element.elementor-element-1370170 .ea-woo-checkout .woocommerce-message, .elementor-16 .elementor-element.elementor-element-1370170 .woo-checkout-coupon .woocommerce-message, .elementor-16 .elementor-element.elementor-element-1370170 .woo-checkout-login .woocommerce-message{color:#155724;}.elementor-16 .elementor-element.elementor-element-1370170 .ea-woo-checkout .woocommerce-error, .elementor-16 .elementor-element.elementor-element-1370170 .ea-woo-checkout .woocommerce-info, .elementor-16 .elementor-element.elementor-element-1370170 .ea-woo-checkout .woocommerce-message{border-radius:5px 5px 5px 5px;}.elementor-16 .elementor-element.elementor-element-1370170 .ea-woo-checkout .woocommerce-notices-wrapper .woocommerce-error, .elementor-16 .elementor-element.elementor-element-1370170 .ea-woo-checkout .woocommerce-info, .elementor-16 .elementor-element.elementor-element-1370170 .ea-woo-checkout .woocommerce-message{padding:20px 20px 20px calc(20px + 30px);}.elementor-16 .elementor-element.elementor-element-1370170 .ea-woo-checkout .woocommerce-error::before, , .elementor-16 .elementor-element.elementor-element-1370170 .ea-woo-checkout .woocommerce-info::before, .elementor-16 .elementor-element.elementor-element-1370170 .ea-woo-checkout .woocommerce-message::before{top:20px;left:20px;}.elementor-16 .elementor-element.elementor-element-1370170 #customer_details label{color:#443e6d;padding:0px 0px 5px 0px;}.elementor-16 .elementor-element.elementor-element-1370170 #customer_details label .required{color:#ff0000;}.elementor-16 .elementor-element.elementor-element-1370170 .ea-woo-checkout .woocommerce .woocommerce-checkout .form-row input.input-text, .elementor-16 .elementor-element.elementor-element-1370170 .ea-woo-checkout .woocommerce .woocommerce-checkout .form-row select, .eael-woo-checkout .elementor-16 .elementor-element.elementor-element-1370170 .ea-woo-checkout .select2-container .select2-selection--single{height:50px;}.elementor-16 .elementor-element.elementor-element-1370170 #customer_details .form-row .woocommerce-input-wrapper input{color:#443e6d;background:#fff;}.elementor-16 .elementor-element.elementor-element-1370170 #customer_details .form-row .woocommerce-input-wrapper select{color:#443e6d;background:#fff;}.elementor-16 .elementor-element.elementor-element-1370170 #customer_details .form-row .woocommerce-input-wrapper textarea{color:#443e6d;background:#fff;}.elementor-16 .elementor-element.elementor-element-1370170 #customer_details .form-row .woocommerce-input-wrapper .select2-selection span{color:#443e6d;}.elementor-16 .elementor-element.elementor-element-1370170 #customer_details .form-row .woocommerce-input-wrapper .select2-selection{background:#fff;}.elementor-16 .elementor-element.elementor-element-1370170 #customer_details input, \n\t\t\t\t\t.elementor-16 .elementor-element.elementor-element-1370170 #customer_details .select, \n\t\t\t\t\t.elementor-16 .elementor-element.elementor-element-1370170 .ea-woo-checkout .woocommerce-input-wrapper select, \n\t\t\t\t\t.elementor-16 .elementor-element.elementor-element-1370170 #customer_details .select2-container--default .select2-selection--single, \n\t\t\t\t\t.elementor-16 .elementor-element.elementor-element-1370170 #customer_details textarea{border-color:#cccccc;}.elementor-16 .elementor-element.elementor-element-1370170 #customer_details input:hover, .elementor-16 .elementor-element.elementor-element-1370170 #customer_details input:focus, .elementor-16 .elementor-element.elementor-element-1370170 #customer_details input:active{border-color:#7866ff;}.elementor-16 .elementor-element.elementor-element-1370170 #customer_details textarea:hover, .elementor-16 .elementor-element.elementor-element-1370170 #customer_details textarea:focus, .elementor-16 .elementor-element.elementor-element-1370170 #customer_details textarea:active{border-color:#7866ff;}.elementor-16 .elementor-element.elementor-element-1370170 #customer_details input, .elementor-16 .elementor-element.elementor-element-1370170 #customer_details select, .elementor-16 .elementor-element.elementor-element-1370170 #customer_details .select2-container--default .select2-selection--single, .elementor-16 .elementor-element.elementor-element-1370170 #customer_details textarea{border-radius:5px 5px 5px 5px;}.elementor-16 .elementor-element.elementor-element-1370170 #customer_details .form-row{margin-bottom:5px;}.eael-woo-checkout .elementor-16 .elementor-element.elementor-element-1370170 .woo-checkout-payment .carrier-agents-postcode-search #carrier-agent-heading{color:#ffffff;}.elementor-16 .elementor-element.elementor-element-1370170 .woo-checkout-payment .carrier-agents-postcode-search .woo-carrier-agents-postcode-input-wrapper #woo-carrier-agents-search-button{background-color:#7866ff;background:#7866ff;color:#ffffff;}.elementor-16 .elementor-element.elementor-element-1370170 .woo-checkout-payment .carrier-agents-postcode-search .woo-carrier-agents-postcode-input-wrapper #woo-carrier-agents-search-button:hover{background-color:#7866ff;color:#ffffff;}.eael-woo-checkout .elementor-16 .elementor-element.elementor-element-1370170 .woo-checkout-payment, .elementor-16 .elementor-element.elementor-element-1370170 #payment{background-color:#1F8934;background:#1F8934;}.eael-woo-checkout .elementor-16 .elementor-element.elementor-element-1370170 .woo-checkout-payment .woo-checkout-section-title{color:#ffffff;}.eael-woo-checkout .elementor-16 .elementor-element.elementor-element-1370170 .woo-checkout-payment{padding:20px 20px 20px 20px;border-radius:5px 5px 5px 5px;}.eael-woo-checkout .elementor-16 .elementor-element.elementor-element-1370170 .woocommerce .woo-checkout-payment #payment .payment_methods .wc_payment_method input[type=\"radio\"] + label{color:#b8b6ca;}.eael-woo-checkout .elementor-16 .elementor-element.elementor-element-1370170 .woocommerce .woo-checkout-payment #payment .payment_methods .wc_payment_method input[type=\"radio\"]:checked + label{color:#ffffff;}.eael-woo-checkout .elementor-16 .elementor-element.elementor-element-1370170 .woo-checkout-payment .payment_box{background-color:#FFFFFF!important;color:#ffffff!important;}.eael-woo-checkout .elementor-16 .elementor-element.elementor-element-1370170 .woo-checkout-payment .payment_box::before{border-bottom-color:#FFFFFF!important;}.eael-woo-checkout .elementor-16 .elementor-element.elementor-element-1370170 .woo-checkout-payment .woocommerce-privacy-policy-text{color:#b8b6ca!important;}.eael-woo-checkout .elementor-16 .elementor-element.elementor-element-1370170 .woo-checkout-payment a.woocommerce-privacy-policy-link{color:#ffffff!important;}.eael-woo-checkout .elementor-16 .elementor-element.elementor-element-1370170 .woo-checkout-payment .place-order{border-color:#b8b6ca!important;}.elementor-16 .elementor-element.elementor-element-1370170 #place_order{background-color:#135A63;background:#135A63;color:#ffffff;border-radius:5px 5px 5px 5px;}.elementor-16 .elementor-element.elementor-element-1370170 #place_order:hover{background-color:#FFFFFF;background:#FFFFFF;color:#1F8934;}.eael-woo-checkout .elementor-16 .elementor-element.elementor-element-1370170 .woocommerce #place_order{padding:15px 20px 15px 20px;margin-top:20px;}:root{--page-title-display:none;}.elementor-widget .tippy-tooltip .tippy-content{text-align:center;}<\/style>\t\t<div data-elementor-type=\"wp-page\" data-elementor-id=\"16\" class=\"elementor elementor-16\">\n\t\t\t\t\t\t<section class=\"elementor-section elementor-top-section elementor-element elementor-element-94f6418 elementor-section-boxed elementor-section-height-default elementor-section-height-default\" data-id=\"94f6418\" data-element_type=\"section\">\n\t\t\t\t\t\t<div class=\"elementor-container elementor-column-gap-default\">\n\t\t\t\t\t<div class=\"elementor-column elementor-col-100 elementor-top-column elementor-element elementor-element-f75fc3f\" data-id=\"f75fc3f\" data-element_type=\"column\">\n\t\t\t<div class=\"elementor-widget-wrap elementor-element-populated\">\n\t\t\t\t\t\t<div class=\"elementor-element elementor-element-1370170 elementor-widget elementor-widget-eael-woo-checkout\" data-id=\"1370170\" data-element_type=\"widget\" data-widget_type=\"eael-woo-checkout.default\">\n\t\t\t\t<div class=\"elementor-widget-container\">\n\t\t\t\t\t        <div data-checkout=\"{&quot;ea_woo_checkout_layout&quot;:&quot;default&quot;,&quot;ea_woo_checkout_table_header_text&quot;:&quot;yes&quot;,&quot;ea_woo_checkout_table_product_text&quot;:&quot;Producto&quot;,&quot;ea_woo_checkout_table_quantity_text&quot;:&quot;Cantidad&quot;,&quot;ea_woo_checkout_table_price_text&quot;:&quot;Precio&quot;,&quot;ea_woo_checkout_shop_link&quot;:&quot;yes&quot;,&quot;ea_woo_checkout_shop_link_text&quot;:&quot;Seguir comprando&quot;,&quot;ea_woo_checkout_table_subtotal_text&quot;:&quot;Subtotal&quot;,&quot;ea_woo_checkout_table_shipping_text&quot;:&quot;Env\\u00edo&quot;,&quot;ea_woo_checkout_table_total_text&quot;:&quot;Total&quot;,&quot;ea_woo_checkout_cart_update_enable&quot;:&quot;&quot;}\" class=\"ea-woo-checkout layout-default checkout-reorder-enabled\" data-checkout_ids=\"{&quot;billing&quot;:{&quot;billing_first_name&quot;:&quot;form-row-first&quot;,&quot;billing_last_name&quot;:&quot;form-row-last&quot;,&quot;billing_company&quot;:&quot;form-row-wide&quot;,&quot;billing_country&quot;:&quot;form-row-wide&quot;,&quot;billing_address_1&quot;:&quot;form-row-wide&quot;,&quot;billing_address_2&quot;:&quot;form-row-wide&quot;,&quot;billing_city&quot;:&quot;form-row-wide&quot;,&quot;billing_state&quot;:&quot;form-row-wide&quot;,&quot;billing_postcode&quot;:&quot;form-row-wide&quot;,&quot;billing_phone&quot;:&quot;form-row-wide&quot;,&quot;billing_email&quot;:&quot;form-row-wide&quot;},&quot;shipping&quot;:{&quot;shipping_first_name&quot;:&quot;form-row-first&quot;,&quot;shipping_last_name&quot;:&quot;form-row-last&quot;,&quot;shipping_company&quot;:&quot;form-row-wide&quot;,&quot;shipping_country&quot;:&quot;form-row-wide&quot;,&quot;shipping_address_1&quot;:&quot;form-row-wide&quot;,&quot;shipping_address_2&quot;:&quot;form-row-wide&quot;,&quot;shipping_city&quot;:&quot;form-row-wide&quot;,&quot;shipping_state&quot;:&quot;form-row-wide&quot;,&quot;shipping_postcode&quot;:&quot;form-row-wide&quot;}}\" data-button_texts=\"{&quot;place_order&quot;:&quot;Realizar pedido&quot;}\">\n            <div type=\"text\/template\" id=\"eael-wc-billing-reordered-fields\">\n                <div class=\"eael-woo-billing-fields\"><\/div>\n            <\/div>\n            <div type=\"text\/template\" id=\"eael-wc-shipping-reordered-fields\">\n                <div class=\"eael-woo-shipping-fields\"><\/div>\n            <\/div>\n            <div class=\"woocommerce\">\n                <style>\n                    .woocommerce .blockUI.blockOverlay:before {\n                        background-image: url('\/home\/u479193512\/domains\/mmwsistem.com\/public_html\/wp-content\/plugins\/woocommerce\/assets\/images\/icons\/loader.svg') center center !important;\n                    }\n                <\/style>\n\t\t\t\t<div class=\"woocommerce-notices-wrapper\"><\/div>            <\/div>\n        <\/div>\n\t\t\t\t\t\t<\/div>\n\t\t\t\t<\/div>\n\t\t\t\t\t<\/div>\n\t\t<\/div>\n\t\t\t\t\t<\/div>\n\t\t<\/section>\n\t\t\t\t<\/div>\n\t\t","protected":false},"excerpt":{"rendered":"<p>Tu pedido Producto Cantidad Precio PURIFICADOR CON SISTEMA DOBLE&nbsp; 1 S\/460.00 Seguir comprando Subtotal S\/460.00 Total S\/460.00 \u00bfTienes un cup\u00f3n? Haz clic aqu\u00ed para introducir tu c\u00f3digo Si tienes un c\u00f3digo de cup\u00f3n, por favor, apl\u00edcalo abajo. Aplicar cup\u00f3n Detalles de facturaci\u00f3n Nombre&nbsp;* Apellidos&nbsp;* Nombre de la empresa&nbsp;(opcional) Pa\u00eds \/ Regi\u00f3n&nbsp;*Selecciona un pa\u00eds\/regi\u00f3n&hellip;Afganist\u00e1nAlbaniaAlemaniaAndorraAngolaAnguillaAnt\u00e1rtidaAntigua y BarbudaArabia [&hellip;]<\/p>\n","protected":false},"author":1,"featured_media":0,"parent":0,"menu_order":0,"comment_status":"closed","ping_status":"closed","template":"","meta":{"footnotes":""},"class_list":["post-16","page","type-page","status-publish","hentry"],"_links":{"self":[{"href":"https:\/\/mmwsistem.com\/index.php?rest_route=\/wp\/v2\/pages\/16","targetHints":{"allow":["GET"]}}],"collection":[{"href":"https:\/\/mmwsistem.com\/index.php?rest_route=\/wp\/v2\/pages"}],"about":[{"href":"https:\/\/mmwsistem.com\/index.php?rest_route=\/wp\/v2\/types\/page"}],"author":[{"embeddable":true,"href":"https:\/\/mmwsistem.com\/index.php?rest_route=\/wp\/v2\/users\/1"}],"replies":[{"embeddable":true,"href":"https:\/\/mmwsistem.com\/index.php?rest_route=%2Fwp%2Fv2%2Fcomments&post=16"}],"version-history":[{"count":18,"href":"https:\/\/mmwsistem.com\/index.php?rest_route=\/wp\/v2\/pages\/16\/revisions"}],"predecessor-version":[{"id":1136,"href":"https:\/\/mmwsistem.com\/index.php?rest_route=\/wp\/v2\/pages\/16\/revisions\/1136"}],"wp:attachment":[{"href":"https:\/\/mmwsistem.com\/index.php?rest_route=%2Fwp%2Fv2%2Fmedia&parent=16"}],"curies":[{"name":"wp","href":"https:\/\/api.w.org\/{rel}","templated":true}]}}