{"id":962,"date":"2022-07-15T23:15:20","date_gmt":"2022-07-15T23:15:20","guid":{"rendered":"https:\/\/mmwsistem.com\/?page_id=962"},"modified":"2022-07-15T23:30:30","modified_gmt":"2022-07-15T23:30:30","slug":"politicas-de-privacidad","status":"publish","type":"page","link":"https:\/\/mmwsistem.com\/?page_id=962","title":{"rendered":"Pol\u00edticas De Privacidad"},"content":{"rendered":"<style>:root{--page-title-display:none;}.elementor-widget .tippy-tooltip .tippy-content{text-align:center;}<\/style>\t\t<div data-elementor-type=\"wp-page\" data-elementor-id=\"962\" class=\"elementor elementor-962\">\n\t\t\t\t\t\t<section class=\"elementor-section elementor-top-section elementor-element elementor-element-8c4c0ea elementor-section-boxed elementor-section-height-default elementor-section-height-default\" data-id=\"8c4c0ea\" data-element_type=\"section\">\n\t\t\t\t\t\t<div class=\"elementor-container elementor-column-gap-default\">\n\t\t\t\t\t<div class=\"elementor-column elementor-col-100 elementor-top-column elementor-element elementor-element-6d78726\" data-id=\"6d78726\" data-element_type=\"column\">\n\t\t\t<div class=\"elementor-widget-wrap elementor-element-populated\">\n\t\t\t\t\t\t<div class=\"elementor-element elementor-element-0a215cb elementor-widget elementor-widget-text-editor\" data-id=\"0a215cb\" data-element_type=\"widget\" data-widget_type=\"text-editor.default\">\n\t\t\t\t<div class=\"elementor-widget-container\">\n\t\t\t\t\t\t\t\t\t<div data-id=\"9728979\" data-element_type=\"widget\" data-settings=\"{&quot;ekit_we_effect_on&quot;:&quot;none&quot;}\" data-widget_type=\"heading.default\"><div><h2>Cl\u00e1usula de Uso de Datos Personales<\/h2><\/div><\/div><div data-id=\"23c52061\" data-element_type=\"widget\" data-settings=\"{&quot;ekit_we_effect_on&quot;:&quot;none&quot;}\" data-widget_type=\"text-editor.default\"><div><p>M &amp; M WATER SISTEM S.A.C (en adelante, \u201cAku D&#8217;Vida\u201d), ubicada Calle N. Mz. F1. Lte. 11. Asentamiento Humano Las Flores De Villa San Juan De Miraflores, Lima, Per\u00fa, informa al usuario que, de acuerdo con la normativa vigente en materia de protecci\u00f3n de datos personales, usted otorga expresamente autorizaci\u00f3n a Aku D&#8217;Vida\u00a0para tratar y hacer uso de los datos personales.<\/p><h4><strong>Usos adicionales<\/strong><\/h4><ul><li>EL USUARIO autoriza a utilizar la Informaci\u00f3n a fin de que Aku D&#8217;Vida, de manera directa o a trav\u00e9s de sus encargados:<\/li><li>Atienda reclamos y\/o solicitudes de El USUARIO respecto de los productos y\/o servicios brindados por Aku D&#8217;Vida.<\/li><li>Le ofrezca servicios vinculados o asociados a los servicios prestados por Aku D&#8217;Vida. El env\u00edo de estas comunicaciones o mensajes con las ofertas y\/o anuncios publicitarios podr\u00e1 ser remitida a trav\u00e9s de medios escritos (por ejemplo, comunicaciones f\u00edsicas), verbal (por ejemplo, mensajes o llamadas telef\u00f3nicas) o electr\u00f3nicos\/inform\u00e1ticos (por ejemplo, correo electr\u00f3nico).<\/li><li>Realizar encuestas y estudios para conocer los niveles de satisfacci\u00f3n, conocer preferencias y sugerencias de los clientes.<\/li><\/ul><p>EL USUARIO autoriza expresamente a Aku D&#8217;Vida\u00a0a actualizar y completar su Informaci\u00f3n accediendo a fuentes p\u00fablicas<\/p><p>Los datos necesarios para poder cumplir con las anteriores finalidades son los siguientes: nombres y apellidos, DNI\/RUC, correo electr\u00f3nico, tel\u00e9fono y la direcci\u00f3n. De no proporcionar dicha informaci\u00f3n, Aku D&#8217;Vida\u00a0\u00a0no le podr\u00e1 brindar las anteriores finalidades al usuario, de acuerdo a cada caso.<\/p><p>La aceptaci\u00f3n o no de esta autorizaci\u00f3n para usos adicionales (ajenos a la ejecuci\u00f3n de la relaci\u00f3n contractual) no condiciona la prestaci\u00f3n del servicio que EL USUARIO adquiere a trav\u00e9s del contrato que est\u00e1 siendo suscrito.<\/p><h4><strong>Transferencias a Terceros y Encargados del tratamiento<\/strong><\/h4><p><span style=\"color: var( --e-global-color-text );\">Aku D&#8217;Vida<\/span>\u00a0le informa al usuario que los datos personales que brinde ser\u00e1n transferidos a terceras empresas y a diversos encargados, a nivel nacional e internacional, cuya identidad, ubicaci\u00f3n y finalidad se encuentran en la p\u00e1gina web de\u00a0<span style=\"color: var( --e-global-color-text );\">Aku D&#8217;Vida<\/span><\/p><p>Para estos efectos, el usuario acepta haber tenido a su disposici\u00f3n y revisado la lista de Terceros y Encargados de Aku D&#8217;Vida.<\/p><h4><strong>Banco de Datos<\/strong><\/h4><p>Los datos personales que el usuario brinde ser\u00e1n almacenados en el banco de datos de \u201cClientes de la empresa y reclamantes\u201d, que se encuentra registrado ante el Registro Nacional de Protecci\u00f3n de Datos Personales.<\/p><h4><strong>Plazo de conservaci\u00f3n<\/strong><\/h4><p><span style=\"color: var( --e-global-color-text );\">Aku D&#8217;Vida<\/span>\u00a0podr\u00e1 utilizar la Informaci\u00f3n de EL USUARIO hasta diez (10) a\u00f1os despu\u00e9s de que finalice su relaci\u00f3n contractual y\/o comercial.<\/p><h4><strong>Derechos ARCO<\/strong><\/h4><p>EL USUARIO puede ejercer los derechos de acceso, rectificaci\u00f3n, cancelaci\u00f3n, revocaci\u00f3n y oposici\u00f3n, deber\u00e1 remitir una comunicaci\u00f3n a la siguiente direcci\u00f3n electr\u00f3nica:\u00a0derechosarco@mmwsistem.com\u00a0o ingresar a la secci\u00f3n denominada derechos ARCO en nuestra p\u00e1gina web\u00a0<a href=\"https:\/\/mmwsistem.com\/derechos-arco\" target=\"_blank\" rel=\"noopener\">https:\/\/mmwsistem.com\/derechos-arco<\/a><\/p><\/div><\/div>\t\t\t\t\t\t\t\t<\/div>\n\t\t\t\t<\/div>\n\t\t\t\t\t<\/div>\n\t\t<\/div>\n\t\t\t\t\t<\/div>\n\t\t<\/section>\n\t\t\t\t<\/div>\n\t\t","protected":false},"excerpt":{"rendered":"<p>Cl\u00e1usula de Uso de Datos Personales M &amp; M WATER SISTEM S.A.C (en adelante, \u201cAku D&#8217;Vida\u201d), ubicada Calle N. Mz. F1. Lte. 11. Asentamiento Humano Las Flores De Villa San Juan De Miraflores, Lima, Per\u00fa, informa al usuario que, de acuerdo con la normativa vigente en materia de protecci\u00f3n de datos personales, usted otorga expresamente [&hellip;]<\/p>\n","protected":false},"author":2,"featured_media":0,"parent":0,"menu_order":0,"comment_status":"closed","ping_status":"closed","template":"","meta":{"footnotes":""},"class_list":["post-962","page","type-page","status-publish","hentry"],"_links":{"self":[{"href":"https:\/\/mmwsistem.com\/index.php?rest_route=\/wp\/v2\/pages\/962","targetHints":{"allow":["GET"]}}],"collection":[{"href":"https:\/\/mmwsistem.com\/index.php?rest_route=\/wp\/v2\/pages"}],"about":[{"href":"https:\/\/mmwsistem.com\/index.php?rest_route=\/wp\/v2\/types\/page"}],"author":[{"embeddable":true,"href":"https:\/\/mmwsistem.com\/index.php?rest_route=\/wp\/v2\/users\/2"}],"replies":[{"embeddable":true,"href":"https:\/\/mmwsistem.com\/index.php?rest_route=%2Fwp%2Fv2%2Fcomments&post=962"}],"version-history":[{"count":7,"href":"https:\/\/mmwsistem.com\/index.php?rest_route=\/wp\/v2\/pages\/962\/revisions"}],"predecessor-version":[{"id":972,"href":"https:\/\/mmwsistem.com\/index.php?rest_route=\/wp\/v2\/pages\/962\/revisions\/972"}],"wp:attachment":[{"href":"https:\/\/mmwsistem.com\/index.php?rest_route=%2Fwp%2Fv2%2Fmedia&parent=962"}],"curies":[{"name":"wp","href":"https:\/\/api.w.org\/{rel}","templated":true}]}}