{"id":1184,"date":"2022-08-12T01:50:35","date_gmt":"2022-08-12T01:50:35","guid":{"rendered":"https:\/\/mmwsistem.com\/?post_type=product&#038;p=1184"},"modified":"2022-09-05T04:45:28","modified_gmt":"2022-09-05T04:45:28","slug":"filtros-cartuchos-estandar","status":"publish","type":"product","link":"https:\/\/mmwsistem.com\/?product=filtros-cartuchos-estandar","title":{"rendered":"FILTROS CARTUCHOS ESTANDAR DE 2,5&#8243; X 40&#8243; DE 5 MICRAS"},"content":{"rendered":"<p>Los Filtros cartuchos Super Fine est\u00e1n hechos de polipropileno de grado alimenticio 100% aprobado por la FDA. Son adecuados para aplicaciones como pretratamiento de \u00f3smosis inversa (reducci\u00f3n de SDI), procesamiento de agua potable y bebidas, desalinizaci\u00f3n de agua de mar, electr\u00f3nica y galvanoplastia, soluciones fotogr\u00e1ficas, etc.<\/p>\n<p>El Precio de ventas es por caja de 20 unidades, te sale S\/75.00 la und.<\/p>\n","protected":false},"excerpt":{"rendered":"<p>Los Filtros cartuchos Super Fine est\u00e1n hechos de polipropileno de grado alimenticio 100% aprobado por la FDA. Son adecuados para aplicaciones como pretratamiento de \u00f3smosis inversa (reducci\u00f3n de SDI), procesamiento de agua potable y bebidas, desalinizaci\u00f3n de agua de mar, electr\u00f3nica y galvanoplastia, soluciones fotogr\u00e1ficas, etc. El Precio de ventas es por caja de 20 [&hellip;]<\/p>\n","protected":false},"featured_media":1192,"comment_status":"open","ping_status":"closed","template":"","meta":[],"product_brand":[],"product_cat":[36,42],"product_tag":[],"class_list":{"0":"post-1184","1":"product","2":"type-product","3":"status-publish","4":"has-post-thumbnail","6":"product_cat-comercial-industrial","7":"product_cat-industrial","9":"first","10":"instock","11":"sale","12":"shipping-taxable","13":"purchasable","14":"product-type-simple"},"_links":{"self":[{"href":"https:\/\/mmwsistem.com\/index.php?rest_route=\/wp\/v2\/product\/1184","targetHints":{"allow":["GET"]}}],"collection":[{"href":"https:\/\/mmwsistem.com\/index.php?rest_route=\/wp\/v2\/product"}],"about":[{"href":"https:\/\/mmwsistem.com\/index.php?rest_route=\/wp\/v2\/types\/product"}],"replies":[{"embeddable":true,"href":"https:\/\/mmwsistem.com\/index.php?rest_route=%2Fwp%2Fv2%2Fcomments&post=1184"}],"wp:featuredmedia":[{"embeddable":true,"href":"https:\/\/mmwsistem.com\/index.php?rest_route=\/wp\/v2\/media\/1192"}],"wp:attachment":[{"href":"https:\/\/mmwsistem.com\/index.php?rest_route=%2Fwp%2Fv2%2Fmedia&parent=1184"}],"wp:term":[{"taxonomy":"product_brand","embeddable":true,"href":"https:\/\/mmwsistem.com\/index.php?rest_route=%2Fwp%2Fv2%2Fproduct_brand&post=1184"},{"taxonomy":"product_cat","embeddable":true,"href":"https:\/\/mmwsistem.com\/index.php?rest_route=%2Fwp%2Fv2%2Fproduct_cat&post=1184"},{"taxonomy":"product_tag","embeddable":true,"href":"https:\/\/mmwsistem.com\/index.php?rest_route=%2Fwp%2Fv2%2Fproduct_tag&post=1184"}],"curies":[{"name":"wp","href":"https:\/\/api.w.org\/{rel}","templated":true}]}}